{"id":228,"date":"2024-07-10T07:52:22","date_gmt":"2024-07-10T07:52:22","guid":{"rendered":"https:\/\/leracangroup.com.tr\/?page_id=228"},"modified":"2024-09-03T07:40:06","modified_gmt":"2024-09-03T07:40:06","slug":"iletisim","status":"publish","type":"page","link":"https:\/\/leracangroup.com.tr\/?page_id=228","title":{"rendered":"\u0130leti\u015fim"},"content":{"rendered":"\t\t<div data-elementor-type=\"wp-page\" data-elementor-id=\"228\" class=\"elementor elementor-228\" data-elementor-post-type=\"page\">\n\t\t\t\t<div class=\"elementor-element elementor-element-a5144fc e-flex e-con-boxed e-con e-parent\" data-id=\"a5144fc\" data-element_type=\"container\" data-e-type=\"container\" data-settings=\"{&quot;background_background&quot;:&quot;classic&quot;}\">\n\t\t\t\t\t<div class=\"e-con-inner\">\n\t\t<div class=\"elementor-element elementor-element-614e1ae4 e-con-full e-flex e-con e-child\" data-id=\"614e1ae4\" data-element_type=\"container\" data-e-type=\"container\">\n\t\t\t\t<div class=\"elementor-element elementor-element-382f775e elementor-widget elementor-widget-heading\" data-id=\"382f775e\" data-element_type=\"widget\" data-e-type=\"widget\" data-widget_type=\"heading.default\">\n\t\t\t\t<div class=\"elementor-widget-container\">\n\t\t\t\t\t<h1 class=\"elementor-heading-title elementor-size-default\">\u0130leti\u015fim<\/h1>\t\t\t\t<\/div>\n\t\t\t\t<\/div>\n\t\t\t\t<div class=\"elementor-element elementor-element-379d5f59 elementor-widget__width-initial elementor-widget elementor-widget-text-editor\" data-id=\"379d5f59\" data-element_type=\"widget\" data-e-type=\"widget\" data-widget_type=\"text-editor.default\">\n\t\t\t\t<div class=\"elementor-widget-container\">\n\t\t\t\t\t\t\t\t\t<p>Leracan Group, y\u00f6netim, klinik g\u00fczellik merkezi i\u015fletimi ve hijyen \u00fcr\u00fcnleri sat\u0131\u015f\u0131nda geni\u015f deneyime sahiptir, ba\u015far\u0131l\u0131 projeleri ve geni\u015f portf\u00f6y\u00fcyle uzmanl\u0131\u011f\u0131n\u0131 g\u00f6stermektedir.<\/p>\t\t\t\t\t\t\t\t<\/div>\n\t\t\t\t<\/div>\n\t\t\t\t<\/div>\n\t\t<div class=\"elementor-element elementor-element-f170778 e-con-full elementor-hidden-mobile e-flex e-con e-child\" data-id=\"f170778\" data-element_type=\"container\" data-e-type=\"container\">\n\t\t\t\t<\/div>\n\t\t\t\t\t<\/div>\n\t\t\t\t<\/div>\n\t\t<div class=\"elementor-element elementor-element-3e7d25c e-grid e-con-boxed e-con e-parent\" data-id=\"3e7d25c\" data-element_type=\"container\" data-e-type=\"container\">\n\t\t\t\t\t<div class=\"e-con-inner\">\n\t\t\t\t<div class=\"elementor-element elementor-element-b2f5975 elementor-position-top elementor-widget elementor-widget-image-box\" data-id=\"b2f5975\" data-element_type=\"widget\" data-e-type=\"widget\" data-widget_type=\"image-box.default\">\n\t\t\t\t<div class=\"elementor-widget-container\">\n\t\t\t\t\t<div class=\"elementor-image-box-wrapper\"><figure class=\"elementor-image-box-img\"><img decoding=\"async\" width=\"200\" height=\"200\" src=\"https:\/\/leracangroup.com.tr\/wp-content\/uploads\/2024\/07\/undefined-5png-200x200-1-1.webp\" class=\"attachment-full size-full wp-image-87\" alt=\"\" srcset=\"https:\/\/leracangroup.com.tr\/wp-content\/uploads\/2024\/07\/undefined-5png-200x200-1-1.webp 200w, https:\/\/leracangroup.com.tr\/wp-content\/uploads\/2024\/07\/undefined-5png-200x200-1-1-150x150.webp 150w\" sizes=\"(max-width: 200px) 100vw, 200px\" \/><\/figure><div class=\"elementor-image-box-content\"><p class=\"elementor-image-box-description\">+(49) (178) 406 59 97<br>\n+(90) (533) 408 00 79<br>\n+(90) (533) 272 69 33<br>\nEmail: info@medikeyclinic.com<br>\n\u0130nstagram:  @medikeyclinicas<br>\nAdres: \u0130smet Kaptan Mah. Gazi Bulvar\u0131 Sara\u00e7o\u011flu \u0130\u015f Merkezi No:110 Kat:3 Konak\/Izmir<br>\n<\/p><\/div><\/div>\t\t\t\t<\/div>\n\t\t\t\t<\/div>\n\t\t\t\t<div class=\"elementor-element elementor-element-2dce9df elementor-position-top elementor-widget elementor-widget-image-box\" data-id=\"2dce9df\" data-element_type=\"widget\" data-e-type=\"widget\" data-widget_type=\"image-box.default\">\n\t\t\t\t<div class=\"elementor-widget-container\">\n\t\t\t\t\t<div class=\"elementor-image-box-wrapper\"><figure class=\"elementor-image-box-img\"><img fetchpriority=\"high\" decoding=\"async\" width=\"500\" height=\"500\" src=\"https:\/\/leracangroup.com.tr\/wp-content\/uploads\/2024\/07\/WhatsApp_Image_2024-05-17_at_09.55.06-removebg-preview-1.png\" class=\"attachment-full size-full wp-image-739\" alt=\"\" srcset=\"https:\/\/leracangroup.com.tr\/wp-content\/uploads\/2024\/07\/WhatsApp_Image_2024-05-17_at_09.55.06-removebg-preview-1.png 500w, https:\/\/leracangroup.com.tr\/wp-content\/uploads\/2024\/07\/WhatsApp_Image_2024-05-17_at_09.55.06-removebg-preview-1-300x300.png 300w, https:\/\/leracangroup.com.tr\/wp-content\/uploads\/2024\/07\/WhatsApp_Image_2024-05-17_at_09.55.06-removebg-preview-1-150x150.png 150w\" sizes=\"(max-width: 500px) 100vw, 500px\" \/><\/figure><div class=\"elementor-image-box-content\"><p class=\"elementor-image-box-description\">+(49) (178) 406 59 97<br>\n+(90) (232) 425 02 10<br>\n+(90) (531) 467 11 90<br>\nEmail: info@medikeybeauty.com<br>\n\u0130nstagram:  @medikeybeauty<br>\nAdres: \u0130smet Kaptan Mah. Gazi Bulvar\u0131 Sara\u00e7o\u011flu \u0130\u015f Merkezi No:110 Kat:7 Konak\/Izmir<\/p><\/div><\/div>\t\t\t\t<\/div>\n\t\t\t\t<\/div>\n\t\t\t\t<div class=\"elementor-element elementor-element-5271eb0 elementor-position-top elementor-widget elementor-widget-image-box\" data-id=\"5271eb0\" data-element_type=\"widget\" data-e-type=\"widget\" data-widget_type=\"image-box.default\">\n\t\t\t\t<div class=\"elementor-widget-container\">\n\t\t\t\t\t<div class=\"elementor-image-box-wrapper\"><figure class=\"elementor-image-box-img\"><img decoding=\"async\" width=\"100\" height=\"100\" src=\"https:\/\/leracangroup.com.tr\/wp-content\/uploads\/2024\/07\/logo1.png\" class=\"attachment-full size-full wp-image-743\" alt=\"\" \/><\/figure><div class=\"elementor-image-box-content\"><p class=\"elementor-image-box-description\">+(90) (232) 425 02 10<br>\n +(90) (530) 915 15 30<br>\n +(90) (537) 630 20 56<br>\n+(90) (532) 388 30 03<br>\nEmail: info@leracan.com.tr<br>\nAdres: Gazi Bulv. No:110\/7 Sara\u00e7o\u011flu \u0130\u015f Merkezi \u00c7ankaya - \u0130ZM\u0130R, T\u00dcRK\u0130YE<\/p><\/div><\/div>\t\t\t\t<\/div>\n\t\t\t\t<\/div>\n\t\t\t\t<div class=\"elementor-element elementor-element-0d55e5f elementor-position-top elementor-widget elementor-widget-image-box\" data-id=\"0d55e5f\" data-element_type=\"widget\" data-e-type=\"widget\" data-widget_type=\"image-box.default\">\n\t\t\t\t<div class=\"elementor-widget-container\">\n\t\t\t\t\t<div class=\"elementor-image-box-wrapper\"><figure class=\"elementor-image-box-img\"><img decoding=\"async\" src=\"https:\/\/leracangroup.com.tr\/wp-content\/uploads\/elementor\/thumbs\/Leracan-Medikal-02-qsxn9us41ic77pn8f8sm9wcfgwgb177xmrb4azzplo.png\" title=\"Leracan Medikal-02\" alt=\"Leracan Medikal-02\" loading=\"lazy\" \/><\/figure><div class=\"elementor-image-box-content\"><p class=\"elementor-image-box-description\">+(90) (530) 487 50 30<br>\n+(90) (530) 915 15 29<br>\n+(90) (530) 915 37 68<br>\n+(90) (532) 278 17 81<br>\n+(90) (537) 734 93 54<br>\nEmail: info@leracan.com<br>\nAdres: 1145\/4 Sokak No:11-D G\u0131da \u00c7ar\u015f\u0131s\u0131, Yeni\u015fehir, \u0130ZM\u0130R<\/p><\/div><\/div>\t\t\t\t<\/div>\n\t\t\t\t<\/div>\n\t\t\t\t<div class=\"elementor-element elementor-element-cd37c87 elementor-position-top elementor-widget elementor-widget-image-box\" data-id=\"cd37c87\" data-element_type=\"widget\" data-e-type=\"widget\" data-widget_type=\"image-box.default\">\n\t\t\t\t<div class=\"elementor-widget-container\">\n\t\t\t\t\t<div class=\"elementor-image-box-wrapper\"><figure class=\"elementor-image-box-img\"><img decoding=\"async\" width=\"100\" height=\"100\" src=\"https:\/\/leracangroup.com.tr\/wp-content\/uploads\/2024\/07\/logo1.png\" class=\"attachment-full size-full wp-image-743\" alt=\"\" \/><\/figure><div class=\"elementor-image-box-content\"><p class=\"elementor-image-box-description\">+(90) (530) 487 50 30<br>\n+(90) (530) 915 15 29<br>\n+(90) (530) 915 37 68<br>\n+(90) (532) 278 17 81<br>\n+(90) (537) 734 93 54<br>\nEmail: info@leracan.com<br>\nAdres: 1145\/4 Sokak No:11-D G\u0131da \u00c7ar\u015f\u0131s\u0131, Yeni\u015fehir, \u0130ZM\u0130R<\/p><\/div><\/div>\t\t\t\t<\/div>\n\t\t\t\t<\/div>\n\t\t\t\t<div class=\"elementor-element elementor-element-cdd410f elementor-position-top elementor-widget elementor-widget-image-box\" data-id=\"cdd410f\" data-element_type=\"widget\" data-e-type=\"widget\" data-widget_type=\"image-box.default\">\n\t\t\t\t<div class=\"elementor-widget-container\">\n\t\t\t\t\t<div class=\"elementor-image-box-wrapper\"><figure class=\"elementor-image-box-img\"><img decoding=\"async\" src=\"https:\/\/leracangroup.com.tr\/wp-content\/uploads\/elementor\/thumbs\/group-as-qtjz5783c6q5lrjurh92dm67ubzuert55bnjzg3h0o.png\" title=\"group as\" alt=\"group as\" loading=\"lazy\" \/><\/figure><div class=\"elementor-image-box-content\"><p class=\"elementor-image-box-description\">+(90) (530) 487 50 30<br>\n+(90) (530) 915 15 29<br>\n+(90) (530) 915 37 68<br>\n+(90) (532) 278 17 81<br>\n+(90) (537) 734 93 54<br>\nEmail: info@leracan.com<br>\nAdres: 1145\/4 Sokak No:11-D G\u0131da \u00c7ar\u015f\u0131s\u0131, Yeni\u015fehir, \u0130ZM\u0130R<\/p><\/div><\/div>\t\t\t\t<\/div>\n\t\t\t\t<\/div>\n\t\t\t\t\t<\/div>\n\t\t\t\t<\/div>\n\t\t\t\t<\/div>\n\t\t","protected":false},"excerpt":{"rendered":"<p>\u0130leti\u015fim Leracan Group, y\u00f6netim, klinik g\u00fczellik merkezi i\u015fletimi ve hijyen \u00fcr\u00fcnleri sat\u0131\u015f\u0131nda geni\u015f deneyime sahiptir, ba\u015far\u0131l\u0131 projeleri ve geni\u015f portf\u00f6y\u00fcyle uzmanl\u0131\u011f\u0131n\u0131 g\u00f6stermektedir. +(49) (178) 406 59 97 +(90) (533) 408 00 79 +(90) (533) 272 69 33 Email: info@medikeyclinic.com \u0130nstagram: @medikeyclinicas Adres: \u0130smet Kaptan Mah. Gazi Bulvar\u0131 Sara\u00e7o\u011flu \u0130\u015f Merkezi No:110 Kat:3 Konak\/Izmir +(49) (178) [&hellip;]<\/p>\n","protected":false},"author":1,"featured_media":0,"parent":0,"menu_order":0,"comment_status":"closed","ping_status":"closed","template":"elementor_header_footer","meta":{"om_disable_all_campaigns":false,"_monsterinsights_skip_tracking":false,"_monsterinsights_sitenote_active":false,"_monsterinsights_sitenote_note":"","_monsterinsights_sitenote_category":0,"footnotes":""},"class_list":["post-228","page","type-page","status-publish","hentry"],"aioseo_notices":[],"_links":{"self":[{"href":"https:\/\/leracangroup.com.tr\/index.php?rest_route=\/wp\/v2\/pages\/228","targetHints":{"allow":["GET"]}}],"collection":[{"href":"https:\/\/leracangroup.com.tr\/index.php?rest_route=\/wp\/v2\/pages"}],"about":[{"href":"https:\/\/leracangroup.com.tr\/index.php?rest_route=\/wp\/v2\/types\/page"}],"author":[{"embeddable":true,"href":"https:\/\/leracangroup.com.tr\/index.php?rest_route=\/wp\/v2\/users\/1"}],"replies":[{"embeddable":true,"href":"https:\/\/leracangroup.com.tr\/index.php?rest_route=%2Fwp%2Fv2%2Fcomments&post=228"}],"version-history":[{"count":87,"href":"https:\/\/leracangroup.com.tr\/index.php?rest_route=\/wp\/v2\/pages\/228\/revisions"}],"predecessor-version":[{"id":801,"href":"https:\/\/leracangroup.com.tr\/index.php?rest_route=\/wp\/v2\/pages\/228\/revisions\/801"}],"wp:attachment":[{"href":"https:\/\/leracangroup.com.tr\/index.php?rest_route=%2Fwp%2Fv2%2Fmedia&parent=228"}],"curies":[{"name":"wp","href":"https:\/\/api.w.org\/{rel}","templated":true}]}}